{"id":239,"date":"2023-06-23T09:38:24","date_gmt":"2023-06-23T07:38:24","guid":{"rendered":"https:\/\/chezbecker.fr\/?page_id=239"},"modified":"2025-07-16T10:10:07","modified_gmt":"2025-07-16T08:10:07","slug":"chez-becker-2","status":"publish","type":"page","link":"https:\/\/chezbecker.fr\/?page_id=239","title":{"rendered":"Chez Becker ?"},"content":{"rendered":"<p>[et_pb_section fb_built=\u00a0\u00bb1&Prime; _builder_version=\u00a0\u00bb4.21.0&Prime; _module_preset=\u00a0\u00bbdefault\u00a0\u00bb background_color=\u00a0\u00bbRGBA(255,255,255,0)\u00a0\u00bb custom_padding=\u00a0\u00bb0px||0px|||\u00a0\u00bb global_colors_info=\u00a0\u00bb{}\u00a0\u00bb][et_pb_row _builder_version=\u00a0\u00bb4.21.0&Prime; _module_preset=\u00a0\u00bbdefault\u00a0\u00bb custom_padding=\u00a0\u00bb||0px|||\u00a0\u00bb global_colors_info=\u00a0\u00bb{}\u00a0\u00bb][et_pb_column type=\u00a0\u00bb4_4&Prime; _builder_version=\u00a0\u00bb4.21.0&Prime; _module_preset=\u00a0\u00bbdefault\u00a0\u00bb global_colors_info=\u00a0\u00bb{}\u00a0\u00bb][et_pb_text _builder_version=\u00a0\u00bb4.21.0&Prime; _module_preset=\u00a0\u00bbdefault\u00a0\u00bb header_font=\u00a0\u00bbBayon||||||||\u00a0\u00bb header_text_align=\u00a0\u00bbcenter\u00a0\u00bb header_text_color=\u00a0\u00bb#000000&Prime; header_font_size=\u00a0\u00bb42px\u00a0\u00bb header_letter_spacing=\u00a0\u00bb2px\u00a0\u00bb custom_margin=\u00a0\u00bb||4px|||\u00a0\u00bb global_colors_info=\u00a0\u00bb{}\u00a0\u00bb]<\/p>\n<h1>Chez Becker ?<\/h1>\n<p>[\/et_pb_text][\/et_pb_column][\/et_pb_row][et_pb_row column_structure=\u00a0\u00bb1_2,1_2&Prime; _builder_version=\u00a0\u00bb4.21.0&Prime; _module_preset=\u00a0\u00bbdefault\u00a0\u00bb width=\u00a0\u00bb98%\u00a0\u00bb custom_padding=\u00a0\u00bb30px|||||\u00a0\u00bb global_colors_info=\u00a0\u00bb{}\u00a0\u00bb][et_pb_column type=\u00a0\u00bb1_2&Prime; _builder_version=\u00a0\u00bb4.17.4&Prime; _module_preset=\u00a0\u00bbdefault\u00a0\u00bb animation_style=\u00a0\u00bbslide\u00a0\u00bb animation_direction=\u00a0\u00bbleft\u00a0\u00bb global_colors_info=\u00a0\u00bb{}\u00a0\u00bb][dsm_image_carousel gallery_ids=\u00a0\u00bb666,287,288&Prime; slider_effect=\u00a0\u00bbflip\u00a0\u00bb slide_to_show=\u00a0\u00bb0&Prime; arrows=\u00a0\u00bboff\u00a0\u00bb dots=\u00a0\u00bboff\u00a0\u00bb grab=\u00a0\u00bboff\u00a0\u00bb _builder_version=\u00a0\u00bb4.21.0&Prime; _module_preset=\u00a0\u00bbdefault\u00a0\u00bb width=\u00a0\u00bb89%\u00a0\u00bb module_alignment=\u00a0\u00bbcenter\u00a0\u00bb custom_margin=\u00a0\u00bb0px|0px|0px|0px|false|false\u00a0\u00bb custom_padding=\u00a0\u00bb0px|0px|0px|0px|false|false\u00a0\u00bb border_width_all=\u00a0\u00bb4px\u00a0\u00bb border_color_all=\u00a0\u00bb#000000&Prime; global_colors_info=\u00a0\u00bb{}\u00a0\u00bb][\/dsm_image_carousel][\/et_pb_column][et_pb_column type=\u00a0\u00bb1_2&Prime; _builder_version=\u00a0\u00bb4.17.4&Prime; _module_preset=\u00a0\u00bbdefault\u00a0\u00bb animation_style=\u00a0\u00bbslide\u00a0\u00bb animation_direction=\u00a0\u00bbright\u00a0\u00bb global_colors_info=\u00a0\u00bb{}\u00a0\u00bb][dsm_text_notation notation_text=\u00a0\u00bbLe gout authentique du Burger\u00a0\u00bb notation_type=\u00a0\u00bbhighlight\u00a0\u00bb notation_color=\u00a0\u00bb#f3892c\u00a0\u00bb notation_width=\u00a0\u00bb2&Prime; notation_iterations=\u00a0\u00bb4&Prime; heading_html_tag=\u00a0\u00bbh3&Prime; notation_padding=\u00a0\u00bb0px|99px|0px|99px|true|true\u00a0\u00bb notation_padding_tablet=\u00a0\u00bb0px|99px|0px|99px|true|true\u00a0\u00bb notation_padding_phone=\u00a0\u00bb|47px||47px|true|true\u00a0\u00bb notation_padding_last_edited=\u00a0\u00bbon|desktop\u00a0\u00bb _builder_version=\u00a0\u00bb4.21.0&Prime; _module_preset=\u00a0\u00bbdefault\u00a0\u00bb notation_font=\u00a0\u00bbBayon||||||||\u00a0\u00bb notation_text_color=\u00a0\u00bb#FFFFFF\u00a0\u00bb notation_font_size=\u00a0\u00bb32px\u00a0\u00bb notation_letter_spacing=\u00a0\u00bb4px\u00a0\u00bb notation_line_height=\u00a0\u00bb1.1em\u00a0\u00bb text_orientation=\u00a0\u00bbcenter\u00a0\u00bb custom_padding=\u00a0\u00bb22px||||false|false\u00a0\u00bb global_colors_info=\u00a0\u00bb{}\u00a0\u00bb][\/dsm_text_notation][et_pb_text _builder_version=\u00a0\u00bb4.21.0&Prime; _module_preset=\u00a0\u00bbdefault\u00a0\u00bb text_font=\u00a0\u00bbAbyssinica SIL||||||||\u00a0\u00bb text_text_color=\u00a0\u00bb#000000&Prime; text_font_size=\u00a0\u00bb22px\u00a0\u00bb header_font=\u00a0\u00bbBayon|700|||||||\u00a0\u00bb header_text_align=\u00a0\u00bbcenter\u00a0\u00bb header_text_color=\u00a0\u00bb#000000&Prime; header_font_size=\u00a0\u00bb42px\u00a0\u00bb header_letter_spacing=\u00a0\u00bb2px\u00a0\u00bb header_2_font=\u00a0\u00bbBayon|||on|||||\u00a0\u00bb header_2_text_align=\u00a0\u00bbcenter\u00a0\u00bb header_2_text_color=\u00a0\u00bb#000000&Prime; header_2_font_size=\u00a0\u00bb35px\u00a0\u00bb text_orientation=\u00a0\u00bbcenter\u00a0\u00bb global_colors_info=\u00a0\u00bb{}\u00a0\u00bb]<\/p>\n<p><span>Chez Becker, c&rsquo;est bien plus qu&rsquo;un simple food truck, c&rsquo;est une ode \u00e0 la ripaille de rue o\u00f9 les saveurs audacieuses et les festins gourmands se rencontrent dans une symphonie de d\u00e9lices.<\/span><\/p>\n<p><span>Des burgers savoureux en passant par des frites croustillantes et les sp\u00e9cialit\u00e9s maison, chaque bouch\u00e9e est une explosion de saveurs qui \u00e9veillera vos sens.<\/span><\/p>\n<p><span>Suivez-nous sur les r\u00e9seaux sociaux pour conna\u00eetre nos prochains arr\u00eats et pr\u00e9parez-vous \u00e0 un festin m\u00e9morable.<\/span><\/p>\n<p>[\/et_pb_text][\/et_pb_column][\/et_pb_row][\/et_pb_section]<\/p>\n","protected":false},"excerpt":{"rendered":"<p>Chez Becker ?<div class=\"et_pb_with_border et_pb_module dsm_image_carousel dsm_image_carousel_0 dsm_image_carousel_arrow_outside dsm_image_carousel_arrow_mobile_inside \">\n\t\t\t\t\n\t\t\t\t\n\t\t\t\t\n\t\t\t\t\n\t\t\t\t\n\t\t\t\t\n\t\t\t\t<div class=\"et_pb_module_inner\">\n\t\t\t\t\t<div class=\"swiper-container dsm_image_carousel_container  dsm_image_carousel_carousel\" dir=\"ltr\"data-effect=\"flip\"\n\t\t\tdata-slider-effect-shadows=\"false\"\n\t\t\tdata-slider-effect-coverflow-rotate=\"30\"\n\t\t\tdata-slider-effect-coverflow-depth=\"0\"\n\t\t\tdata-loop=\"true\"\n\t\t\tdata-slide-to-show=\"0\"\n\t\t\tdata-slide-to-show-tablet=\"1\"\n\t\t\tdata-slide-to-show-phone=\"1\"\n\t\t\tdata-slide-to-scroll=\"1\"\n\t\t\tdata-slide-to-scroll-tablet=\"1\"\n\t\t\tdata-slide-to-scroll-phone=\"1\"\n\t\t\tdata-space-between=\"15\"\n\t\t\tdata-space-between-tablet=\"15\"\n\t\t\tdata-space-between-phone=\"15\"\n\t\t\tdata-slide-row=\"1\"\n\t\t\tdata-centered-slides=\"false\"\n\t\t\tdata-speed=\"300\"\n\t\t\tdata-autoplay=\"true\"\n\t\t\tdata-autoplay-speed=\"3000\"\n\t\t\tdata-touch-move=\"true\"\n\t\t\tdata-grab=\"false\"\n\t\t\tdata-pause-on-hover=\"false\"\n\t\t\tdata-show-lightbox=\"false\"\n\t\t\tdata-lightbox-gallery=\"false\"\n\t\t\tdata-lightbox-caption=\"false\"\n\t\t\tdata-infinite-scrolling=\"false\"\n\t\t\tdata-slide-row-tablet=\"1\"\n\t\t\tdata-slide-row-phone=\"1\"\n\t\t\tdata-autoplay-viewport=80%\n\t\t\tdata-mousewheel=\"false\"\n\t\t\tdata-lazyload=\"false\"\n\t\t\tdata-type=\"carousel\"\n\t\t\tdata-slideshow-effect=\"default\"\n\t\t\tdata-slideshow-to-show=\"4\"\n\t\t\tdata-slideshow-to-show-tablet=\"4\"\n\t\t\tdata-slideshow-to-show-phone=\"\"\n\t\t\tdata-slider-orientation=\"horizontal\"\n\t\t\t\t\t\tdata-lightbox-title=\"false\"\n\n\t\t\t><div class=\"swiper-wrapper\"><div class=\"swiper-slide dsm_image_carousel_item\"><img loading=\"lazy\" decoding=\"async\" src=\"https:\/\/chezbecker.fr\/wp-content\/uploads\/2024\/08\/Chez-Becker.jpg\" alt=\"\" title=\"Chez Becker\" width=\"1400\" height=\"1800\" data-dsm-image-description=\"\" srcset=\"https:\/\/chezbecker.fr\/wp-content\/uploads\/2024\/08\/Chez-Becker.jpg 1400w, https:\/\/chezbecker.fr\/wp-content\/uploads\/2024\/08\/Chez-Becker-1280x1646.jpg 1280w, https:\/\/chezbecker.fr\/wp-content\/uploads\/2024\/08\/Chez-Becker-980x1260.jpg 980w, https:\/\/chezbecker.fr\/wp-content\/uploads\/2024\/08\/Chez-Becker-480x617.jpg 480w\" sizes=\"auto, (min-width: 0px) and (max-width: 480px) 480px, (min-width: 481px) and (max-width: 980px) 980px, (min-width: 981px) and (max-width: 1280px) 1280px, (min-width: 1281px) 1400px, 100vw\" class=\" skip-lazy\" \/><\/div><div class=\"swiper-slide dsm_image_carousel_item\"><img loading=\"lazy\" decoding=\"async\" src=\"https:\/\/chezbecker.fr\/wp-content\/uploads\/2023\/06\/Chez-Becker-Saint-Cannat-2.jpg\" alt=\"\" title=\"Chez Becker Saint Cannat 2\" width=\"700\" height=\"900\" data-dsm-image-description=\"\" srcset=\"https:\/\/chezbecker.fr\/wp-content\/uploads\/2023\/06\/Chez-Becker-Saint-Cannat-2.jpg 700w, https:\/\/chezbecker.fr\/wp-content\/uploads\/2023\/06\/Chez-Becker-Saint-Cannat-2-480x617.jpg 480w\" sizes=\"auto, (min-width: 0px) and (max-width: 480px) 480px, (min-width: 481px) 700px, 100vw\" class=\" skip-lazy\" \/><\/div><div class=\"swiper-slide dsm_image_carousel_item\"><img loading=\"lazy\" decoding=\"async\" src=\"https:\/\/chezbecker.fr\/wp-content\/uploads\/2023\/06\/Chez-Becker-Food-Truck.jpg\" alt=\"\" title=\"Chez Becker Food Truck\" width=\"700\" height=\"900\" data-dsm-image-description=\"\" srcset=\"https:\/\/chezbecker.fr\/wp-content\/uploads\/2023\/06\/Chez-Becker-Food-Truck.jpg 700w, https:\/\/chezbecker.fr\/wp-content\/uploads\/2023\/06\/Chez-Becker-Food-Truck-480x617.jpg 480w\" sizes=\"auto, (min-width: 0px) and (max-width: 480px) 480px, (min-width: 481px) 700px, 100vw\" class=\" skip-lazy\" \/><\/div><\/div><\/div>\n\t\t\t\t<\/div>\n\t\t\t<\/div><div class=\"et_pb_module dsm_text_notation dsm_text_notation_0  et_pb_text_align_center et_pb_bg_layout_light\">\n\t\t\t\t\n\t\t\t\t\n\t\t\t\t\n\t\t\t\t\n\t\t\t\t\n\t\t\t\t\n\t\t\t\t<div class=\"et_pb_module_inner\">\n\t\t\t\t\t<h3 class=\"dsm-text-notation-main et_pb_module_header\"><span data-notation=\"[{&quot;type&quot;:&quot;highlight&quot;,&quot;color&quot;:&quot;#f3892c&quot;,&quot;stroke-width&quot;:&quot;2&quot;,&quot;iterations&quot;:&quot;4&quot;,&quot;brackets&quot;:&quot;left|right&quot;,&quot;viewport&quot;:&quot;80%&quot;,&quot;delay&quot;:&quot;0ms&quot;,&quot;divi-animate&quot;:&quot;none&quot;,&quot;divi-animate-duration&quot;:&quot;1000ms&quot;,&quot;divi-animate-delay&quot;:&quot;0ms&quot;}]\" class=\"dsm-text-notation-middle\">Le gout authentique du Burger<\/span><\/h3>\n\t\t\t\t<\/div>\n\t\t\t<\/div>Chez Becker, c&rsquo;est bien plus qu&rsquo;un simple food truck, c&rsquo;est une ode \u00e0 la ripaille de rue o\u00f9 les saveurs audacieuses et les festins gourmands se rencontrent dans une symphonie de d\u00e9lices. Des burgers savoureux en passant par des frites croustillantes et les sp\u00e9cialit\u00e9s maison, chaque bouch\u00e9e est une explosion de saveurs qui \u00e9veillera vos sens. Suivez-nous sur les r\u00e9seaux sociaux pour conna\u00eetre nos prochains arr\u00eats et pr\u00e9parez-vous \u00e0 un festin m\u00e9morable.<\/p>\n","protected":false},"author":1,"featured_media":0,"parent":0,"menu_order":0,"comment_status":"closed","ping_status":"closed","template":"","meta":{"_et_pb_use_builder":"on","_et_pb_old_content":"<!-- wp:divi\/placeholder \/-->","_et_gb_content_width":"","_monsterinsights_skip_tracking":false,"_monsterinsights_sitenote_active":false,"_monsterinsights_sitenote_note":"","_monsterinsights_sitenote_category":0,"footnotes":""},"class_list":["post-239","page","type-page","status-publish","hentry"],"yoast_head":"<!-- This site is optimized with the Yoast SEO plugin v27.4 - https:\/\/yoast.com\/product\/yoast-seo-wordpress\/ -->\n<title>Chez Becker ?<\/title>\n<meta name=\"description\" content=\"Chez Becker, c\u2019est une ode \u00e0 la ripaille de rue o\u00f9 les saveurs audacieuses et les festins gourmands se rencontrent...\" \/>\n<meta name=\"robots\" content=\"index, follow, max-snippet:-1, max-image-preview:large, max-video-preview:-1\" \/>\n<link rel=\"canonical\" href=\"https:\/\/chezbecker.fr\/?page_id=239\" \/>\n<meta property=\"og:locale\" content=\"fr_FR\" \/>\n<meta property=\"og:type\" content=\"article\" \/>\n<meta property=\"og:title\" content=\"Chez Becker ?\" \/>\n<meta property=\"og:description\" content=\"Chez Becker, c\u2019est une ode \u00e0 la ripaille de rue o\u00f9 les saveurs audacieuses et les festins gourmands se rencontrent...\" \/>\n<meta property=\"og:url\" content=\"https:\/\/chezbecker.fr\/?page_id=239\" \/>\n<meta property=\"og:site_name\" content=\"Chez Becker\" \/>\n<meta property=\"article:publisher\" content=\"https:\/\/www.facebook.com\/profile.php?id=100088389103671\" \/>\n<meta property=\"article:modified_time\" content=\"2025-07-16T08:10:07+00:00\" \/>\n<meta name=\"twitter:card\" content=\"summary_large_image\" \/>\n<meta name=\"twitter:label1\" content=\"Dur\u00e9e de lecture estim\u00e9e\" \/>\n\t<meta name=\"twitter:data1\" content=\"2 minutes\" \/>\n<script type=\"application\/ld+json\" class=\"yoast-schema-graph\">{\"@context\":\"https:\\\/\\\/schema.org\",\"@graph\":[{\"@type\":\"WebPage\",\"@id\":\"https:\\\/\\\/chezbecker.fr\\\/?page_id=239\",\"url\":\"https:\\\/\\\/chezbecker.fr\\\/?page_id=239\",\"name\":\"Chez Becker ?\",\"isPartOf\":{\"@id\":\"https:\\\/\\\/chezbecker.fr\\\/#website\"},\"datePublished\":\"2023-06-23T07:38:24+00:00\",\"dateModified\":\"2025-07-16T08:10:07+00:00\",\"description\":\"Chez Becker, c\u2019est une ode \u00e0 la ripaille de rue o\u00f9 les saveurs audacieuses et les festins gourmands se rencontrent...\",\"breadcrumb\":{\"@id\":\"https:\\\/\\\/chezbecker.fr\\\/?page_id=239#breadcrumb\"},\"inLanguage\":\"fr-FR\",\"potentialAction\":[{\"@type\":\"ReadAction\",\"target\":[\"https:\\\/\\\/chezbecker.fr\\\/?page_id=239\"]}]},{\"@type\":\"BreadcrumbList\",\"@id\":\"https:\\\/\\\/chezbecker.fr\\\/?page_id=239#breadcrumb\",\"itemListElement\":[{\"@type\":\"ListItem\",\"position\":1,\"name\":\"Accueil\",\"item\":\"https:\\\/\\\/chezbecker.fr\\\/\"},{\"@type\":\"ListItem\",\"position\":2,\"name\":\"Chez Becker ?\"}]},{\"@type\":\"WebSite\",\"@id\":\"https:\\\/\\\/chezbecker.fr\\\/#website\",\"url\":\"https:\\\/\\\/chezbecker.fr\\\/\",\"name\":\"Chez Becker\",\"description\":\"Lambesc\",\"publisher\":{\"@id\":\"https:\\\/\\\/chezbecker.fr\\\/#organization\"},\"potentialAction\":[{\"@type\":\"SearchAction\",\"target\":{\"@type\":\"EntryPoint\",\"urlTemplate\":\"https:\\\/\\\/chezbecker.fr\\\/?s={search_term_string}\"},\"query-input\":{\"@type\":\"PropertyValueSpecification\",\"valueRequired\":true,\"valueName\":\"search_term_string\"}}],\"inLanguage\":\"fr-FR\"},{\"@type\":\"Organization\",\"@id\":\"https:\\\/\\\/chezbecker.fr\\\/#organization\",\"name\":\"Chez Becker\",\"url\":\"https:\\\/\\\/chezbecker.fr\\\/\",\"logo\":{\"@type\":\"ImageObject\",\"inLanguage\":\"fr-FR\",\"@id\":\"https:\\\/\\\/chezbecker.fr\\\/#\\\/schema\\\/logo\\\/image\\\/\",\"url\":\"http:\\\/\\\/chezbecker.fr\\\/wp-content\\\/uploads\\\/2023\\\/06\\\/Chez-Becker-logo-3.png\",\"contentUrl\":\"http:\\\/\\\/chezbecker.fr\\\/wp-content\\\/uploads\\\/2023\\\/06\\\/Chez-Becker-logo-3.png\",\"width\":1024,\"height\":1024,\"caption\":\"Chez Becker\"},\"image\":{\"@id\":\"https:\\\/\\\/chezbecker.fr\\\/#\\\/schema\\\/logo\\\/image\\\/\"},\"sameAs\":[\"https:\\\/\\\/www.facebook.com\\\/profile.php?id=100088389103671\",\"https:\\\/\\\/www.instagram.com\\\/chezbecker\\\/\"]}]}<\/script>\n<!-- \/ Yoast SEO plugin. -->","yoast_head_json":{"title":"Chez Becker ?","description":"Chez Becker, c\u2019est une ode \u00e0 la ripaille de rue o\u00f9 les saveurs audacieuses et les festins gourmands se rencontrent...","robots":{"index":"index","follow":"follow","max-snippet":"max-snippet:-1","max-image-preview":"max-image-preview:large","max-video-preview":"max-video-preview:-1"},"canonical":"https:\/\/chezbecker.fr\/?page_id=239","og_locale":"fr_FR","og_type":"article","og_title":"Chez Becker ?","og_description":"Chez Becker, c\u2019est une ode \u00e0 la ripaille de rue o\u00f9 les saveurs audacieuses et les festins gourmands se rencontrent...","og_url":"https:\/\/chezbecker.fr\/?page_id=239","og_site_name":"Chez Becker","article_publisher":"https:\/\/www.facebook.com\/profile.php?id=100088389103671","article_modified_time":"2025-07-16T08:10:07+00:00","twitter_card":"summary_large_image","twitter_misc":{"Dur\u00e9e de lecture estim\u00e9e":"2 minutes"},"schema":{"@context":"https:\/\/schema.org","@graph":[{"@type":"WebPage","@id":"https:\/\/chezbecker.fr\/?page_id=239","url":"https:\/\/chezbecker.fr\/?page_id=239","name":"Chez Becker ?","isPartOf":{"@id":"https:\/\/chezbecker.fr\/#website"},"datePublished":"2023-06-23T07:38:24+00:00","dateModified":"2025-07-16T08:10:07+00:00","description":"Chez Becker, c\u2019est une ode \u00e0 la ripaille de rue o\u00f9 les saveurs audacieuses et les festins gourmands se rencontrent...","breadcrumb":{"@id":"https:\/\/chezbecker.fr\/?page_id=239#breadcrumb"},"inLanguage":"fr-FR","potentialAction":[{"@type":"ReadAction","target":["https:\/\/chezbecker.fr\/?page_id=239"]}]},{"@type":"BreadcrumbList","@id":"https:\/\/chezbecker.fr\/?page_id=239#breadcrumb","itemListElement":[{"@type":"ListItem","position":1,"name":"Accueil","item":"https:\/\/chezbecker.fr\/"},{"@type":"ListItem","position":2,"name":"Chez Becker ?"}]},{"@type":"WebSite","@id":"https:\/\/chezbecker.fr\/#website","url":"https:\/\/chezbecker.fr\/","name":"Chez Becker","description":"Lambesc","publisher":{"@id":"https:\/\/chezbecker.fr\/#organization"},"potentialAction":[{"@type":"SearchAction","target":{"@type":"EntryPoint","urlTemplate":"https:\/\/chezbecker.fr\/?s={search_term_string}"},"query-input":{"@type":"PropertyValueSpecification","valueRequired":true,"valueName":"search_term_string"}}],"inLanguage":"fr-FR"},{"@type":"Organization","@id":"https:\/\/chezbecker.fr\/#organization","name":"Chez Becker","url":"https:\/\/chezbecker.fr\/","logo":{"@type":"ImageObject","inLanguage":"fr-FR","@id":"https:\/\/chezbecker.fr\/#\/schema\/logo\/image\/","url":"http:\/\/chezbecker.fr\/wp-content\/uploads\/2023\/06\/Chez-Becker-logo-3.png","contentUrl":"http:\/\/chezbecker.fr\/wp-content\/uploads\/2023\/06\/Chez-Becker-logo-3.png","width":1024,"height":1024,"caption":"Chez Becker"},"image":{"@id":"https:\/\/chezbecker.fr\/#\/schema\/logo\/image\/"},"sameAs":["https:\/\/www.facebook.com\/profile.php?id=100088389103671","https:\/\/www.instagram.com\/chezbecker\/"]}]}},"_links":{"self":[{"href":"https:\/\/chezbecker.fr\/index.php?rest_route=\/wp\/v2\/pages\/239","targetHints":{"allow":["GET"]}}],"collection":[{"href":"https:\/\/chezbecker.fr\/index.php?rest_route=\/wp\/v2\/pages"}],"about":[{"href":"https:\/\/chezbecker.fr\/index.php?rest_route=\/wp\/v2\/types\/page"}],"author":[{"embeddable":true,"href":"https:\/\/chezbecker.fr\/index.php?rest_route=\/wp\/v2\/users\/1"}],"replies":[{"embeddable":true,"href":"https:\/\/chezbecker.fr\/index.php?rest_route=%2Fwp%2Fv2%2Fcomments&post=239"}],"version-history":[{"count":29,"href":"https:\/\/chezbecker.fr\/index.php?rest_route=\/wp\/v2\/pages\/239\/revisions"}],"predecessor-version":[{"id":744,"href":"https:\/\/chezbecker.fr\/index.php?rest_route=\/wp\/v2\/pages\/239\/revisions\/744"}],"wp:attachment":[{"href":"https:\/\/chezbecker.fr\/index.php?rest_route=%2Fwp%2Fv2%2Fmedia&parent=239"}],"curies":[{"name":"wp","href":"https:\/\/api.w.org\/{rel}","templated":true}]}}